{"id":7039,"date":"2025-09-30T09:24:32","date_gmt":"2025-09-30T09:24:32","guid":{"rendered":"https:\/\/jugendchor-speuz.ch\/?page_id=7039"},"modified":"2026-04-02T18:14:19","modified_gmt":"2026-04-02T17:14:19","slug":"goenner-und-sponsoren","status":"publish","type":"page","link":"https:\/\/jugendchor-speuz.ch\/index.php\/goenner-und-sponsoren\/","title":{"rendered":"G\u00f6nner und Sponsoren"},"content":{"rendered":"\n<div class=\"wp-block-group has-global-padding is-layout-constrained wp-block-group-is-layout-constrained\">\n<p>Wir wollen uns herzlichst bei unseren G\u00f6nner*innen und Sponsor*innen bedanken. Ihr seid der Grund, warum wir jedes Jahr aufs Neue unsere Zuh\u00f6renden mit unseren musikalischen Beitr\u00e4gen auf der B\u00fchne begeistern k\u00f6nnen.<\/p>\n\n\n\n<p>Ihnen gef\u00e4llt unsere Musik und Sie m\u00f6chten uns etwas spenden und G\u00f6nner*in werden? Dann wollen wir uns bei Ihnen schon jetzt bedanken.<br>Spenden sind willkommen per Twint und Bankeinzahlung. Bargeld nehmen wir sehr gerne an Konzerten als Kollekte an.<br><br>Gerne nehmen wir auch Sachspenden oder Dienstleistungsspenden entgegen.<\/p>\n\n\n\n<p><strong>Bei Interesse an einem Sponsoring bitten wir Sie uns \u00fcber&nbsp;<a href=\"https:\/\/web.archive.org\/web\/20250804145947\/mailto:kontaktjcs@gmail.com\">kontaktJCS@gmail.com<\/a>&nbsp;zu kontaktieren. Die Sponsoring-Verantwortlichen werden sich so rasch wie m\u00f6glich bei Ihnen melden.<\/strong><\/p>\n<\/div>\n\n\n\n<div class=\"wp-block-group has-global-padding is-layout-constrained wp-block-group-is-layout-constrained\">\n<div class=\"wp-block-group has-global-padding is-layout-constrained wp-block-group-is-layout-constrained\">\n<h2 class=\"wp-block-heading\">Gold Sponsoren<\/h2>\n\n\n\n<div class=\"wp-block-columns is-layout-flex wp-container-core-columns-is-layout-28f84493 wp-block-columns-is-layout-flex\">\n<div class=\"wp-block-column is-layout-flow wp-block-column-is-layout-flow\">\n<p>Hier k\u00f6nnte Ihre Firma \/ Stiftung stehen<\/p>\n<\/div>\n\n\n\n<div class=\"wp-block-column is-layout-flow wp-block-column-is-layout-flow\"><\/div>\n\n\n\n<div class=\"wp-block-column is-layout-flow wp-block-column-is-layout-flow\"><\/div>\n<\/div>\n\n\n\n<h2 class=\"wp-block-heading\">Silber Sponsoren<\/h2>\n\n\n\n<div class=\"wp-block-columns is-layout-flex wp-container-core-columns-is-layout-28f84493 wp-block-columns-is-layout-flex\">\n<div class=\"wp-block-column is-layout-flow wp-block-column-is-layout-flow\">\n<figure class=\"wp-block-image size-large\"><a href=\"https:\/\/www.pr-goesgen.ch\/page.cfm?id=120&amp;abt=Kontakt&amp;rub=Sekretariate&amp;titel=Pfarrei%20Erlinsbach\"><img loading=\"lazy\" decoding=\"async\" width=\"1024\" height=\"233\" src=\"https:\/\/jugendchor-speuz.ch\/wp-content\/uploads\/2025\/09\/Logo_Pfarrei-St-Nikolaus-Erlinsbach-1024x233.jpg\" alt=\"\" class=\"wp-image-7047\" srcset=\"https:\/\/jugendchor-speuz.ch\/wp-content\/uploads\/2025\/09\/Logo_Pfarrei-St-Nikolaus-Erlinsbach-1024x233.jpg 1024w, https:\/\/jugendchor-speuz.ch\/wp-content\/uploads\/2025\/09\/Logo_Pfarrei-St-Nikolaus-Erlinsbach-300x68.jpg 300w, https:\/\/jugendchor-speuz.ch\/wp-content\/uploads\/2025\/09\/Logo_Pfarrei-St-Nikolaus-Erlinsbach.jpg 1546w\" sizes=\"auto, (max-width: 1024px) 100vw, 1024px\" \/><\/a><\/figure>\n<\/div>\n\n\n\n<div class=\"wp-block-column is-layout-flow wp-block-column-is-layout-flow\">\n<figure class=\"wp-block-image size-large is-resized\"><a href=\"https:\/\/www.aargau-singt.ch\"><img loading=\"lazy\" decoding=\"async\" width=\"1024\" height=\"610\" src=\"https:\/\/jugendchor-speuz.ch\/wp-content\/uploads\/2025\/09\/aargau_singt_Logo-1024x610.jpg\" alt=\"\" class=\"wp-image-7048\" style=\"width:247px;height:auto\" srcset=\"https:\/\/jugendchor-speuz.ch\/wp-content\/uploads\/2025\/09\/aargau_singt_Logo-1024x610.jpg 1024w, https:\/\/jugendchor-speuz.ch\/wp-content\/uploads\/2025\/09\/aargau_singt_Logo-300x179.jpg 300w, https:\/\/jugendchor-speuz.ch\/wp-content\/uploads\/2025\/09\/aargau_singt_Logo.jpg 1468w\" sizes=\"auto, (max-width: 1024px) 100vw, 1024px\" \/><\/a><\/figure>\n<\/div>\n\n\n\n<div class=\"wp-block-column is-layout-flow wp-block-column-is-layout-flow\">\n<figure class=\"wp-block-image size-full\"><a href=\"https:\/\/www.ref-erlinsbach.ch\"><img loading=\"lazy\" decoding=\"async\" width=\"2560\" height=\"715\" src=\"https:\/\/jugendchor-speuz.ch\/wp-content\/uploads\/2026\/02\/Logo_Ref-Kirche-Erlinsbach-scaled.png\" alt=\"\" class=\"wp-image-7211\" srcset=\"https:\/\/jugendchor-speuz.ch\/wp-content\/uploads\/2026\/02\/Logo_Ref-Kirche-Erlinsbach-scaled.png 2560w, https:\/\/jugendchor-speuz.ch\/wp-content\/uploads\/2026\/02\/Logo_Ref-Kirche-Erlinsbach-300x84.png 300w, https:\/\/jugendchor-speuz.ch\/wp-content\/uploads\/2026\/02\/Logo_Ref-Kirche-Erlinsbach-1024x286.png 1024w, https:\/\/jugendchor-speuz.ch\/wp-content\/uploads\/2026\/02\/Logo_Ref-Kirche-Erlinsbach-2000x559.png 2000w\" sizes=\"auto, (max-width: 2560px) 100vw, 2560px\" \/><\/a><\/figure>\n<\/div>\n<\/div>\n\n\n\n<h2 class=\"wp-block-heading\">Bronze Sponsoren<\/h2>\n\n\n\n<div class=\"wp-block-group has-global-padding is-layout-constrained wp-block-group-is-layout-constrained\">\n<div class=\"wp-block-columns is-layout-flex wp-container-core-columns-is-layout-28f84493 wp-block-columns-is-layout-flex\">\n<div class=\"wp-block-column is-layout-flow wp-block-column-is-layout-flow\" style=\"flex-basis:100%\">\n<div class=\"wp-block-columns is-layout-flex wp-container-core-columns-is-layout-28f84493 wp-block-columns-is-layout-flex\">\n<div class=\"wp-block-column is-layout-flow wp-block-column-is-layout-flow\">\n<figure class=\"wp-block-image size-full\"><a href=\"https:\/\/www.holzbau-wehrli.ch\"><img loading=\"lazy\" decoding=\"async\" width=\"636\" height=\"162\" src=\"https:\/\/jugendchor-speuz.ch\/wp-content\/uploads\/2025\/09\/Wehrli-Logo-V3final_RTP.jpg\" alt=\"\" class=\"wp-image-7046\" srcset=\"https:\/\/jugendchor-speuz.ch\/wp-content\/uploads\/2025\/09\/Wehrli-Logo-V3final_RTP.jpg 636w, https:\/\/jugendchor-speuz.ch\/wp-content\/uploads\/2025\/09\/Wehrli-Logo-V3final_RTP-300x76.jpg 300w\" sizes=\"auto, (max-width: 636px) 100vw, 636px\" \/><\/a><\/figure>\n<\/div>\n\n\n\n<div class=\"wp-block-column is-layout-flow wp-block-column-is-layout-flow\">\n<figure class=\"wp-block-image size-large is-resized\"><a href=\"https:\/\/www.raiffeisen.ch\/mittelgoesgen-staffelegg\/de\/ueber-uns\/ihre-bank-vor-ort.html\"><img loading=\"lazy\" decoding=\"async\" width=\"1024\" height=\"341\" src=\"https:\/\/jugendchor-speuz.ch\/wp-content\/uploads\/2025\/09\/Teaser_1800x790px-1024x341.jpg\" alt=\"\" class=\"wp-image-7045\" style=\"width:345px;height:auto\" srcset=\"https:\/\/jugendchor-speuz.ch\/wp-content\/uploads\/2025\/09\/Teaser_1800x790px-1024x341.jpg 1024w, https:\/\/jugendchor-speuz.ch\/wp-content\/uploads\/2025\/09\/Teaser_1800x790px-300x100.jpg 300w, https:\/\/jugendchor-speuz.ch\/wp-content\/uploads\/2025\/09\/Teaser_1800x790px.jpg 1600w\" sizes=\"auto, (max-width: 1024px) 100vw, 1024px\" \/><\/a><\/figure>\n<\/div>\n\n\n\n<div class=\"wp-block-column is-layout-flow wp-block-column-is-layout-flow\"><\/div>\n<\/div>\n\n\n\n<div class=\"wp-block-columns are-vertically-aligned-center is-layout-flex wp-container-core-columns-is-layout-28f84493 wp-block-columns-is-layout-flex\">\n<div class=\"wp-block-column is-vertically-aligned-center is-layout-flow wp-block-column-is-layout-flow\">\n<h2 class=\"wp-block-heading\">Sponsor Druck<\/h2>\n\n\n\n<figure class=\"wp-block-image size-full is-resized\"><a href=\"https:\/\/www.printline.ch\"><img loading=\"lazy\" decoding=\"async\" width=\"800\" height=\"200\" src=\"https:\/\/jugendchor-speuz.ch\/wp-content\/uploads\/2025\/09\/1642420798852.jpg\" alt=\"\" class=\"wp-image-7050\" style=\"width:460px;height:auto\" srcset=\"https:\/\/jugendchor-speuz.ch\/wp-content\/uploads\/2025\/09\/1642420798852.jpg 800w, https:\/\/jugendchor-speuz.ch\/wp-content\/uploads\/2025\/09\/1642420798852-300x75.jpg 300w\" sizes=\"auto, (max-width: 800px) 100vw, 800px\" \/><\/a><\/figure>\n<\/div>\n<\/div>\n<\/div>\n<\/div>\n<\/div>\n<\/div>\n<\/div>\n\n\n\n<p><\/p>\n\n\n\n<p><\/p>\n\n\n\n<p><\/p>\n\n\n\n<p><\/p>\n\n\n\n<div class=\"wp-block-group has-global-padding is-layout-constrained wp-block-group-is-layout-constrained\">\n<div class=\"wp-block-columns is-layout-flex wp-container-core-columns-is-layout-28f84493 wp-block-columns-is-layout-flex\">\n<div class=\"wp-block-column is-layout-flow wp-block-column-is-layout-flow\">\n<h2 class=\"wp-block-heading\">Bank Angaben<\/h2>\n\n\n\n<p>Verein Jugendchor Speuz<br>5015 Erlinsbach SO<br>Raiffeisenbank Mittelg\u00f6sgen-Staffelegg<br>CH71 8080 8006 1072 8595 7<\/p>\n<\/div>\n\n\n\n<div class=\"wp-block-column is-layout-flow wp-block-column-is-layout-flow\">\n<h2 class=\"wp-block-heading\">Einzahlung QR Code<\/h2>\n\n\n\n<figure class=\"wp-block-image size-full\"><img loading=\"lazy\" decoding=\"async\" width=\"361\" height=\"366\" src=\"https:\/\/jugendchor-speuz.ch\/wp-content\/uploads\/2025\/09\/Screenshot-2025-09-30-104349.png\" alt=\"\" class=\"wp-image-7040\" srcset=\"https:\/\/jugendchor-speuz.ch\/wp-content\/uploads\/2025\/09\/Screenshot-2025-09-30-104349.png 361w, https:\/\/jugendchor-speuz.ch\/wp-content\/uploads\/2025\/09\/Screenshot-2025-09-30-104349-296x300.png 296w\" sizes=\"auto, (max-width: 361px) 100vw, 361px\" \/><\/figure>\n<\/div>\n\n\n\n<div class=\"wp-block-column is-layout-flow wp-block-column-is-layout-flow\">\n<h2 class=\"wp-block-heading\">Twint QR Code<\/h2>\n\n\n\n<figure class=\"wp-block-image size-full\"><img loading=\"lazy\" decoding=\"async\" width=\"421\" height=\"421\" src=\"https:\/\/jugendchor-speuz.ch\/wp-content\/uploads\/2025\/09\/Screenshot-2025-09-30-104443-edited.png\" alt=\"\" class=\"wp-image-7042\" srcset=\"https:\/\/jugendchor-speuz.ch\/wp-content\/uploads\/2025\/09\/Screenshot-2025-09-30-104443-edited.png 421w, https:\/\/jugendchor-speuz.ch\/wp-content\/uploads\/2025\/09\/Screenshot-2025-09-30-104443-edited-300x300.png 300w, https:\/\/jugendchor-speuz.ch\/wp-content\/uploads\/2025\/09\/Screenshot-2025-09-30-104443-edited-150x150.png 150w\" sizes=\"auto, (max-width: 421px) 100vw, 421px\" \/><\/figure>\n<\/div>\n<\/div>\n<\/div>\n\n\n\n<p><\/p>\n\n\n\n<p><\/p>\n\n\n\n<h2 class=\"wp-block-heading\">Sponsoring-Konzept Jugendchor Speuz 2026<\/h2>\n\n\n\n<div data-wp-interactive=\"core\/file\" class=\"wp-block-file\"><object data-wp-bind--hidden=\"!state.hasPdfPreview\" hidden class=\"wp-block-file__embed\" data=\"https:\/\/jugendchor-speuz.ch\/wp-content\/uploads\/2026\/01\/Sponsoringkonzept-2026_klein.pdf\" type=\"application\/pdf\" style=\"width:100%;height:600px\" aria-label=\"Einbettung von Sponsoringkonzept 2026.\"><\/object><a id=\"wp-block-file--media-9a23f08e-e7a7-4c48-9e53-5e3bc489ed04\" href=\"https:\/\/jugendchor-speuz.ch\/wp-content\/uploads\/2026\/01\/Sponsoringkonzept-2026_klein.pdf\">Sponsoringkonzept 2026<\/a><a href=\"https:\/\/jugendchor-speuz.ch\/wp-content\/uploads\/2026\/01\/Sponsoringkonzept-2026_klein.pdf\" class=\"wp-block-file__button wp-element-button\" download aria-describedby=\"wp-block-file--media-9a23f08e-e7a7-4c48-9e53-5e3bc489ed04\">Herunterladen<\/a><\/div>\n","protected":false},"excerpt":{"rendered":"<p>Wir wollen uns herzlichst bei unseren G\u00f6nner*innen und Sponsor*innen bedanken. Ihr seid der Grund, warum wir jedes Jahr aufs Neue unsere Zuh\u00f6renden mit unseren musikalischen Beitr\u00e4gen auf der B\u00fchne begeistern k\u00f6nnen. Ihnen gef\u00e4llt unsere Musik und Sie m\u00f6chten uns etwas spenden und G\u00f6nner*in werden? Dann wollen wir uns bei Ihnen schon jetzt bedanken.Spenden sind willkommen &hellip; <\/p>\n<p class=\"link-more\"><a href=\"https:\/\/jugendchor-speuz.ch\/index.php\/goenner-und-sponsoren\/\" class=\"more-link\">Mehr <span class=\"screen-reader-text\">\u00fcber &#8222;G\u00f6nner und Sponsoren&#8220; <\/span>Lesen<\/a><\/p>\n","protected":false},"author":1,"featured_media":0,"parent":0,"menu_order":0,"comment_status":"closed","ping_status":"closed","template":"","meta":{"inspiro_hide_title":false,"footnotes":""},"class_list":["post-7039","page","type-page","status-publish","hentry"],"_links":{"self":[{"href":"https:\/\/jugendchor-speuz.ch\/index.php\/wp-json\/wp\/v2\/pages\/7039","targetHints":{"allow":["GET"]}}],"collection":[{"href":"https:\/\/jugendchor-speuz.ch\/index.php\/wp-json\/wp\/v2\/pages"}],"about":[{"href":"https:\/\/jugendchor-speuz.ch\/index.php\/wp-json\/wp\/v2\/types\/page"}],"author":[{"embeddable":true,"href":"https:\/\/jugendchor-speuz.ch\/index.php\/wp-json\/wp\/v2\/users\/1"}],"replies":[{"embeddable":true,"href":"https:\/\/jugendchor-speuz.ch\/index.php\/wp-json\/wp\/v2\/comments?post=7039"}],"version-history":[{"count":14,"href":"https:\/\/jugendchor-speuz.ch\/index.php\/wp-json\/wp\/v2\/pages\/7039\/revisions"}],"predecessor-version":[{"id":7281,"href":"https:\/\/jugendchor-speuz.ch\/index.php\/wp-json\/wp\/v2\/pages\/7039\/revisions\/7281"}],"wp:attachment":[{"href":"https:\/\/jugendchor-speuz.ch\/index.php\/wp-json\/wp\/v2\/media?parent=7039"}],"curies":[{"name":"wp","href":"https:\/\/api.w.org\/{rel}","templated":true}]}}